 - 810. What is u(-2)?
4
Let c(h) = -7*h**2 + 2139*h - 2138. What is c(1)?
-6
Let y(w) = 315*w**3 + w**2 - 8*w + 8. Determine y(1).
316
Let j(n) = 233*n + 4134. Determine j(-20).
-526
Let x(w) = w**3 - 15*w**2 + 53*w - 26. Give x(4).
10
Let c(g) = -2*g**2 - 152*g - 4. Calculate c(-76).
-4
Let c(q) = 2*q**3 - 251*q**2 - 383*q + 116. Calculate c(127).
-138
Let f(y) = 29*y**2 - 313*y - 22. What is f(11)?
44
Let v(p) = 30*p**2 + 340*p - 83. Determine v(-11).
-193
Let v(u) = -99*u + 4645. Give v(47).
-8
Let o(j) = 42*j**2 - 468*j + 12. What is o(11)?
-54
Let f(d) = -2*d**3 + 5*d**2 + 21*d - 9. Give f(7).
-303
Let q(g) = g**3 + 14*g**2 + 40*g - 34. Calculate q(-8).
30
Let u(d) = -5*d - 57. Determine u(11).
-112
Let w(v) = v**2 - 78*v - 1081. Calculate w(-12).
-1
Let a(b) = -b**2 + 172*b + 2206. Calculate a(184).
-2
Let i(r) = -r - 1. Determine i(48).
-49
Let m(x) = x**3 + 8*x**2 - 7*x - 62. What is m(-5)?
48
Let v(p) = 3*p**3 - 29*p**2 - 7*p - 53. Calculate v(10).
-23
Let a(h) = 423*h - 4194. Calculate a(10).
36
Let q(j) = -442*j - 100342. Calculate q(-227).
-8
Let r(y) = 185*y - 529. What is r(5)?
396
Let z(n) = 64*n - 1207. Calculate z(19).
9
Let k(y) = 19*y**2 + 2*y. What is k(-1)?
17
Let v(u) = u**3 - 42*u**2 + 121*u + 66. Give v(39).
222
Let r(f) = 1162*f - 17415. Determine r(15).
15
Let s(l) = -9*l**3 - 3*l**2 + 107*l + 318. Determine s(-3).
213
Let z(x) = -4*x**2 + 68*x - 235. Give z(4).
-27
Let h(b) = 3*b**3 + 134*b**2 - 48*b - 85. What is h(-45)?
50
Let y(r) = 2*r**3 - 10*r**2 + 16*r - 3. Determine y(4).
29
Let p(j) = -4*j**2 - 9*j + 43. Determine p(-6).
-47
Let z(q) = -q**3 - 36*q**2 + 225*q + 149. Calculate z(6).
-13
Let y(j) = 58*j + 428. Give y(-7).
22
Let h(g) = 7*g**3 + 209*g**2 - 35*g - 146. Calculate h(-30).
4
Let x(y) = -y**2 - 45*y - 474. Calculate x(-28).
2
Let t(b) = -15*b**3 - 2*b**2 - 27*b - 47. Give t(-2).
119
Let q(k) = 5*k**2 + 82*k - 25. Calculate q(-19).
222
Let f(j) = -5*j**2 + 32*j + 6. Give f(7).
-15
Let m(b) = 16*b - 61. Calculate m(22).
291
Let g(t) = 38*t - 2694. Give g(73).
80
Let p(s) = s**3 - 13*s**2 - 20*s + 131. What is p(13)?
-129
Let y(x) = x - 88. What is y(31)?
-57
Let v(o) = o**3 + 40*o**2 + 3*o + 50. Determine v(-40).
-70
Let i(x) = -x**3 + x**2 - 8*x - 55. Give i(0).
-55
Let m(a) = -2*a**3 - 3*a**2 - 3*a. Give m(4).
-188
Let h(q) = -q**3 - 16*q**2 - 26*q - 135. Calculate h(-15).
30
Let y(p) = p**2 + 89*p + 1824. What is y(-57)?
0
Let o(t) = t**3 - 33*t**2 - 119*t + 124. Determine o(36).
-272
Let b(u) = 7*u**2 - 50*u + 6. Give b(8).
54
Let r(l) = -11*l**2 - 315*l + 3224. Calculate r(8).
0
Let n(t) = t**3 + 2*t**2 - 82*t + 123. Determine n(7).
-10
Let k(c) = -263*c + 2902. Determine k(11).
9
Let p(g) = -g**3 + 80*g**2 - 455*g + 724. What is p(74)?
-90
Let b(u) = 6*u**3 - 59*u**2 + 2*u - 159. Determine b(10).
-39
Let n(h) = -12764*h + 63825. Calculate n(5).
5
Let j(a) = a**3 - 10*a**2 - 75*a - 7. Determine j(15).
-7
Let g(f) = -f**3 - 40*f**2 - 45*f - 119. Calculate g(-39).
115
Let u(g) = -4*g**2 - 5*g + 17. What is u(7)?
-214
Let o(b) = -b**3 - 35*b**2 + 112*b + 19. What is o(-38)?
95
Let t(n) = -3*n**2 + 77*n - 409. Determine t(18).
5
Let a(d) = d**2 + 14*d - 151. Calculate a(0).
-151
Let c(k) = 212*k - 27779. What is c(131)?
-7
Let s(m) = 1016*m + 3052. Determine s(-3).
4
Let i(j) = -9*j**2 + 13*j + 18. Give i(6).
-228
Let x(l) = 62*l - 3750. Calculate x(61).
32
Let o(f) = 25*f + 1292. Determine o(-58).
-158
Let g(z) = -10*z**2 + 17*z - 72. Give g(3).
-111
Let v(d) = -15*d**2 + 419*d + 3. Determine v(28).
-25
Let p(y) = -y**3 - 29*y**2 - 62*y - 40. What is p(-27)?
176
Let h(m) = 2*m**3 + 51*m**2 + 20*m + 43. What is h(-25)?
168
Let r(i) = 3*i**3 - 2*i**2 + i + 5. Give r(-1).
-1
Let k(t) = -2*t**2 - 10*t - 19. What is k(-5)?
-19
Let x(f) = -11*f**2 - 63*f + 306. Determine x(4).
-122
Let a(p) = 711*p - 54033. What is a(76)?
3
Let p(z) = 2*z - 62. Calculate p(-4).
-70
Let a(f) = 2*f**3 + 82*f**2 + 81*f + 22. Determine a(-40).
-18
Let t(o) = o**3 + 153*o**2 - 1979*o - 13. Calculate t(12).
-1
Let j(u) = -u**3 + 247*u**2 - 15242*u - 480. Give j(121).
4
Let y(h) = -h**3 - 22*h**2 + 55*h + 229. Give y(-24).
61
Let z(r) = 267*r + 6981. What is z(-26)?
39
Let z(b) = -11050*b + 11059. Give z(1).
9
Let b(l) = l**3 + 21*l**2 - 12*l - 10. Give b(-22).
-230
Let i(t) = 381*t + 1926. What is i(-5)?
21
Let p(n) = n**2 + 21*n - 307. What is p(-31)?
3
Let j(h) = -h**3 + 268*h**2 + 7008*h + 8. Calculate j(-24).
8
Let t(b) = b - 171. Determine t(56).
-115
Let x(n) = 2*n**2 + 2*n - 168. Calculate x(9).
12
Let z(n) = -271*n - 13035. Give z(-48).
-27
Let z(x) = -4*x - 234. Give z(29).
-350
Let w(p) = -p**3 - 24*p**2 + 39*p - 333. What is w(-26)?
5
Let l(n) = n**2 + 384*n - 84. What is l(0)?
-84
Let s(z) = -47*z + 293. Calculate s(6).
11
Let c(k) = -k**3 - 14*k**2 - 48*k - 126. What is c(-7)?
-133
Let p(k) = -k**3 + 50*k**2 - 49*k + 70. Determine p(49).
70
Let k(t) = 255*t - 231. Determine k(1).
24
Let g(i) = 74*i**2 + 659*i - 97. Determine g(-9).
-34
Let l(c) = -22*c**2 - 8*c + 67. Calculate l(6).
-773
Let w(r) = -95*r + 2642. Give w(28).
-18
Let b(q) = 54*q - 118. Determine b(2).
-10
Let h(g) = -4*g**2 + 92*g + 491. Give h(-5).
-69
Let m(h) = -3*h**2 + 437*h + 2262. Determine m(-5).
2
Let r(l) = -9*l + 159. What is r(-8)?
231
Let l(k) = -4*k - 45. Determine l(3).
-57
Let s(b) = b**2 + 31*b - 46. What is s(-32)?
-14
Let x(s) = -232*s**3 - 2*s**2 + 2*s. Determine x(1).
-232
Let c(j) = -71*j + 5833. Calculate c(82).
11
Let v(t) = -t**2 + 13*t + 612. Give v(-19).
4
Let d(z) = -z**2 + 11*z - 4. Calculate d(-4).
-64
Let r(u) = -u**3 + 102*u**2 + 6*u - 189. Determine r(102).
423
Let p(i) = -5*i**3 + 20*i**2 - 31*i + 10. Give p(3).
-38
Let r(j) = -37*j**2 - 40*j + 1. What is r(-1)?
4
Let p(w) = 14*w - 405. Calculate p(44).
211
Let a(c) = 42*c**2 - 6*c - 17. Give a(-2).
163
Let c(g) = 2*g**3 + 122*g**2 + 153*g + 9340. Give c(-61).
7
Let w(i) = -2*i**3 + 285*i**2 - 133*i - 1449. Calculate w(142).
-171
Let g(c) = -141*c - 473. Calculate g(-6).
373
Let m(h) = 6*h - 243. Calculate m(15).
-153
Let n(g) = 4*g**3 - 15*g**2 + 42*g - 167. Determine n(4).
17
Let b(l) = 5*l**2 + 116*l - 332. Determine b(-27).
181
Let s(n) = -7*n - 186. Determine s(-23).
-25
Let n(d) = -45*d**2 + 763*d + 34. Calculate n(17).
0
Let m(w) = -2*w**2 - 15*w + 950. Calculate m(-26).
-12
Let r(g) = -3*g**2 + 241*g + 1235. Give r(-5).
-45
Let j(g) = -39*g**3 - 117*g**2 - 14. Determine j(-3).
-14
Let y(u) = u**2 + 8*u + 31. Give y(-11).
64
Let q(l) = 25*l**2 + 288*l + 148. Calculate q(-11).
5
Let i(a) = -a**2 - 146*a - 1370. Give i(-10).
-10
Let v(s) = -2*s**3 - 100*s**2 + 4587*s - 148. What is v(29)?
-3
Let i(g) = g**3 + 7*g**2 + 34*g + 117. Give i(-5).
-3
Let w(h) = h**3 - 9*h**2 + 20*h - 96. Give w(8).
0
Let q(z) = z**3 + 223*z**2 - 7*z - 1559. Give q(-223).
2
Let a(m) = 34*m + 389. Determine a(-11).
15
Let n(r) = 240*r - 1488. Determine n(6).
-48
Let c(r) = -6*r**2 - 134*r + 398. Calculate c(-25).
-2
Let p(m) = 46*m - 3033. What is p(66)?
3
Let t(h) = -10*h + 40. Determine t(5).
-10
Let z(l) = -10*l**2 + 18*l + 26. Calculate z(0).
26
Let g(x) = -x**3 + 28*x**2 + 62*x - 16. What is g(30)?
44
Let j(n) = -n**2 - 119*n + 2319. Determine j(17).
7
Let r(u) = 24*u**2 + 171*u + 31. Give r(-7).
10
Let v(y) = -1054*y + 723. Calculate v(1).
-331
Let i(p) = p**3 + 12*p**2 + 22*p + 260. Give i(-12).
-4
Let t(v) = v**2 - 17*v + 115. Determine t(11).
49
Let q(x) = 2*x**2 - 21*x - 885. What is q(-16)?
-37
Let p(g) = 4*g + 16. Determine p(-5).
-4
Let h(s) = -s**2 + 39*s - 97. Calculate h(4).
43
Let a(i) = -i**2 - 1280*i - 3841. Give a(-3).
-10
Let n(u) = u**2 + 44*u + 15. What is n(-46)?
107
Let j(v) = -v**3 + 22*v**2 - 113*v + 60. Determine j(13).
112
Let l(c) = 50*c - 155. Give l(2).
-55
Let h(d) = -3*d**2 - 462*d + 3883. Determine h(8).
-5
Let c(v) = -45*v**3 + 675*v**2 - v + 27. Determine c(15).
12
Let o(t) = 4*t**2 - 29*t + 31. What is o(6)?
1
Let l(q) = 13*q**2 - 73*q + 145. What is l(2)?
51
Let o(h) = -1838*h - 11016. Give o(-6).
12
Let o(s) = s**3 + 2*s**2 + 80*s + 481. Calculate o(-5).
6
Let o(g) = -3*g**2 + 37*g + 4. Determine o(11).
48
Let y(l) = 5*l + 44. Calculate y(-11).
-11
Let q(h) = h**2 + 213*h - 3882. Calculate q(17).
28
Let v(w) = 113*w + 1170. Give v(-9).
153
L